pose -4447 = -5*u + f*v, -3*v = k + 6. Is u composite?
False
Suppose -3*y + 1 - 28 = -3*h, 4*y - 90 = -5*h. Suppose -h = -4*u + 2. Suppose -4*b = 5*z - 558, 4*b = -u*z - 80 + 640. Is b a prime number?
False
Let b be (12/39)/((-18)/(-117)). Let r(m) be the first derivative of 187*m**2 - 3*m - 1. Is r(b) a prime number?
False
Let h(n) = 23*n**3 - 5*n**2 + 6*n + 4. Let s be h(8). Let y = s + -5557. Is y a composite number?
True
Let t = 36 - 40. Is (-217)/((3 + t)*1) prime?
False
Let p(h) = -6*h - 6. Let j be p(-6). Let m = 15 - j. Let l = m + 29. Is l prime?
False
Let r(a) be the second derivative of 7*a**4/12 - a**3/2 - 9*a**2/2 + 3*a. Is r(-7) a prime number?
False
Let j = 58 + -61. Is ((-223)/(-2))/(j + 217/70) prime?
False
Let u = 12 + -9. Suppose u*p + p = s - 1, 0 = -4*p + 4. Suppose s*v - 170 = -0*v. Is v prime?
False
Suppose -3*w - 11 = -n, 4*w + 19 = 5*n + w. Suppose -4*j - 509 = -m + 556, n*m = j + 2137. Is m a composite number?
False
Suppose -3*a + 387 + 1338 = 5*z, -4*a = -20. Suppose -6*m + 4*m = -z. Is (m/6)/(4/8) a composite number?
True
Let b(f) = 32*f**2 + 2 - 6*f - 4*f - 2 - 5. Is b(13) composite?
False
Suppose 2*a + 2*f = -18, 0 = -5*a - f + 2*f - 15. Is -1*(-84)/a*(-359)/3 prime?
False
Let b(l) = -4*l + 307. Let x(g) = -g**2 - 10. Let j be x(-5). Let o = 35 + j. Is b(o) prime?
True
Let h be (-18)/(-5)*10/(-3). Let n = 41 - h. Is n composite?
False
Suppose 16*k - 21*k + 5410 = -5*o, 4*o + 3251 = 3*k. Is k a composite number?
True
Let f = 666 + 3277. Is f a composite number?
False
Suppose -84*m + 90*m - 27372 = 0. Is m prime?
False
Let h(x) = -8*x + 1. Let n(f) = 7*f. Let d(s) = 2*h(s) + 3*n(s). Let k be d(-4). Is (-1935)/(-13) + k/(-117) composite?
False
Let d = -2637 - -4594. Let t = 2754 - d. Is t a composite number?
False
Suppose -7*k - 2*k + 45 = 0. Suppose x - 1 = 3. Suppose 0*u + 181 = 3*y + x*u, -k*u = -2*y + 159. Is y prime?
True
Let l(q) = -1386*q + 61. Is l(-5) a prime number?
True
Let f(d) = -d**3 - 5*d**2 + 7*d + 9. Let m be f(-6). Suppose -4*t - 8837 = -m*x, -x + 2924 = t + 2*t. Is x composite?
False
Suppose 0 = 14*n - 10*n. Let y(s) = -s**3 + s**2 - s - 82. Let f be y(n). Is 22/(-4)*f + -4 composite?
True
Let b = 14 - 15. Is (7 + 1567)*b/(-2) prime?
True
Suppose 34*h - 471755 = 202635. Is h composite?
True
Suppose -554 = -3*i - 4*z, 0*z = -3*z - 3. Let h = 19 - i. Let l = 432 + h. Is l composite?
True
Suppose 3678 = 5*v - 3807. Is v a prime number?
False
Let m(h) = 11*h**2 - 4*h + 39. Let u be m(-7). Suppose 5*l - 5*j - 4410 = 0, l - 281 = 2*j + u. Is l prime?
True
Let h(u) = 12*u**2 + 23*u**3 + 6*u - 42*u**3 + 18*u**3 + 2*u - 8. Let z = 2 + 5. Is h(z) a composite number?
False
Let z(x) = x**3 + 4*x**2 - 11*x + 9. Let k be z(-6). Suppose -4*p + 1 = -p + 4*j, k*j = -4*p + 6. Is p composite?
False
Let r be (2/(-8))/(1*3/(-36)). Suppose -7121 = -r*s + 2*s. Is s prime?
True
Suppose -99471 = 10*k - 13*k - 4*u, -2*k + 5*u = -66337. Is k a composite number?
False
Let h(r) = -r**3 + 33*r**2 + 19. Is h(26) prime?
True
Let u be 1 - (-1 + -3 + -2). Let o(p) = 9*p**2 + 8*p + 6. Is o(u) prime?
True
Suppose n = -3*n + 40. Let h(c) = 24 - 13 + 208*c - n. Is h(1) composite?
True
Suppose -h - 168 = -4*x, 6*h + 126 = 3*x + 3*h. Suppose -o - o + x = 0. Suppose o*r = 18*r + 246. Is r composite?
True
Let b = -42175 - -59399. Suppose 0 = k - 9*k + b. Is k a composite number?
False
Suppose 4*m + 11441 = 3*b, -3*m - 2094 = 2*b - 9710. Suppose 4*u - b = 3*g, -g + 1980 + 862 = 3*u. Is u a prime number?
False
Let y = -24 - -2. Let p be (22 - 1)/((-11)/y). Is p/4*6/3 a composite number?
True
Is 12/(-18)*(-1380684)/8 a prime number?
True
Suppose -3*u = -3*d - 42057, 8*u = 7*u - 4*d + 14009. Is u a composite number?
True
Let w(j) = 33*j**2 + 2*j + 123. Is w(19) prime?
False
Suppose -t + 7*t = 24. Suppose t*v = -3*g + 658 - 31, 0 = -g - 4*v + 201. Is g composite?
True
Let k(q) = -q**2 - 7*q - 12. Let p be k(-4). Is -4 + (p - -1)*375 a composite number?
True
Suppose -2*l = -5*l + 2*i + 10783, 4*i = -3*l + 10771. Is l composite?
False
Let o(w) = 3*w**3 + w**2 + w - 1. Let u be o(-3). Suppose 0 = -8*y + 13*y + 1015. Let a = u - y. Is a a composite number?
False
Suppose -14*w = -13*w - 6107. Is w composite?
True
Let h(i) = -50*i - 6. Let a be h(6). Let y = -80 - a. Is y composite?
True
Suppose t + 3 = 2*t. Suppose 3*f = -o + 57, -118 = -t*o - 3*f + 41. Is o composite?
True
Let a(g) = 16*g**2 + 5*g - 6. Let y(u) = 6*u + 3. Let f(j) = -j. Let k(t) = -4*f(t) - y(t). Let w be k(-4). Is a(w) composite?
False
Let k be 38476/(-5) - (-4 + 152/40). Let z = k + 14500. Is z a prime number?
False
Let b(v) = -v**2 - 7*v. Let s be b(-6). Let k = s + 9. Is (267/k)/((-1)/(-5)) a composite number?
False
Suppose -31*d + 792 = -33*d. Let y = d - -581. Is y prime?
False
Let h(m) = 29524*m**2 + 45*m - 42. Is h(1) composite?
False
Suppose -a + 207 = -k, 3*k - 202 = 4*k + 4*a. Let i = 261 - k. Suppose 7*q - 1850 = i. Is q a composite number?
False
Let m(t) = -3*t**3 - t**2 - 9*t - 11. Let h be m(-9). Let u = h - 914. Is u composite?
True
Suppose -3359 + 421 = 5*v + t, -3*v = -3*t + 1752. Let w = 1088 + v. Is w a composite number?
True
Suppose -39 = -4*t + 5*f, 0*t = -2*t + 2*f + 18. Suppose 0 = t*a + 1179 - 4137. Is a composite?
True
Is (-8)/76 - 3371283/(-171) prime?
False
Suppose 4*b = 5*o + 169, 2*b + 2*o - 170 = -3*b. Suppose -35*g - 4 = -b*g. Let u = 325 - g. Is u a prime number?
False
Let o = 34616 - 20025. Is o a prime number?
True
Suppose 7*g + g - 17288 = 0. Is g prime?
True
Let v(y) = y**2 + 16*y + 4. Let p be v(-16). Suppose -476 = -4*z + p*u, -3*u + 0*u = -5*z + 599. Is z prime?
False
Let s(l) = 118*l**2 + 2*l + 39. Is s(5) a prime number?
True
Let i(f) be the second derivative of 11/12*f**4 + 0 - 5*f + f**3 + 1/20*f**5 - 5/2*f**2. Is i(-10) a composite number?
True
Let u(o) = 154*o + 5. Let y = 0 + 1. Let d = y - -2. Is u(d) a composite number?
False
Is 2*(-276309)/36*-2 prime?
False
Suppose 0 = -0*t + t + 3*m - 1080, -4*t + 4275 = 3*m. Suppose 0 = -5*i - 25, 2*i - t = -4*x + 3*i. Is x a prime number?
False
Let s = 108 - -23. Suppose 0 = w - s + 31. Suppose -w = -r + 91. Is r prime?
True
Suppose 39374 = 14*z - 50072. Is z a composite number?
False
Suppose -268*g = -271*g + 1194. Is g prime?
False
Let d = -5016 + 55511. Is d prime?
False
Let g be (1 + 0)/((-2)/(-4)). Suppose -5*j + 5*a = -182 - 2278, 0 = 4*j + g*a - 1938. Is j prime?
True
Let m(d) = -51*d - 8. Let w be (-1)/(-2)*(0 + 6). Suppose 3*p = -3*x - 12, -w*p - x = -0 + 14. Is m(p) a prime number?
False
Suppose -5*i + 108 = 3*h + h, -3*h + 104 = -2*i. Let y be (-2)/(-8) - (-7032)/h. Let a = 309 - y. Is a composite?
False
Let x = -6612 + 9911. Is x a composite number?
False
Suppose -5226 = -23*a + 29527. Is a composite?
False
Let t(g) = -33*g**2 + 9*g. Let k be t(-7). Let n = k - -2947. Is n a composite number?
True
Let q be 6/2*(-4)/(-6). Suppose 0 = 2*c - q*r - 292, 137 = c + 3*r - r. Is c composite?
True
Let y be 11/(3 - 1236/411). Let l = -824 - y. Is l prime?
True
Suppose 10*c - 6*c = -44. Let y(d) = d**2 + 5*d - 22. Let a be y(c). Let i = 711 - a. Is i a prime number?
False
Suppose 3915 - 276 = 3*u. Is u a prime number?
True
Let r(n) = -10 + 5 - 4*n + 8 + n**3 + n**2. Is r(4) prime?
True
Let r(u) be the third derivative of 11*u**8/840 - u**6/720 + u**4/4 + 7*u**2. Let a(k) be the second derivative of r(k). Is a(1) composite?
True
Suppose 5*o - 5213 - 596 = -3*f, -2328 = -2*o + f. Is o prime?
True
Let u = 191 + -126. Let p = u + 94. Let l = p + -92. Is l a composite number?
False
Suppose 4*n - 23 - 17 = 0. Suppose 3*w = 5*w - n. Suppose 0 = -5*l - w*j + 490, -l + 3*j = 3*l - 371. Is l a composite number?
True
Let h be ((-120)/(-28))/(-5)*-7. Suppose 3*s - 3 = -h. Let q(j) = -97*j**3 + j**2 + 2*j + 1. Is q(s) prime?
True
Let u = -1156 - -2278. Suppose -3*a - 3*a = -u. Is a composite?
True
Let w = -31 + 34. Suppose -w*m + 3594 = -3*t, 5*t = -m + 1370 - 190. Is m composite?
True
Suppose 3*a + 1 = -3*l + l, 3*l = a + 4. Is (-1)/(a/(1395 - -2)) a composite number?
True
Is ((-32)/48)/(8/(-184812)) composite?
False
Let y = 202 - 143. Is y a prime number?
True
Suppose 13*r = 4*o + 16*r - 3227, -r = o - 806. Is o a composite number?
False
Let i(b) be the third derivative of -14*b**4/3 - b**3/2 - b**2.